{"id":2054,"date":"2023-08-19T03:09:54","date_gmt":"2023-08-19T03:09:54","guid":{"rendered":"https:\/\/ten.cl\/regalos-imprenta-digital\/?post_type=product&#038;p=2054"},"modified":"2023-08-19T23:39:12","modified_gmt":"2023-08-19T23:39:12","slug":"senaletica-2","status":"publish","type":"product","link":"https:\/\/ten.cl\/regalos-imprenta-digital\/shop\/senaletica-2\/","title":{"rendered":"Se\u00f1aletica"},"content":{"rendered":"<p><span style=\"font-weight: 400;\">La se\u00f1al\u00e9tica como su nombre lo indica va pegado por lo general en un muro, es un sistema de informaci\u00f3n esta se pueden trabajar trovicel de 3 \u00f3 5mm, se emplaca con un adhesivo con termolaminado. <\/span><\/p>\n<p><span style=\"font-weight: 400;\">Hoy por lo general es un elemento de interior, para exterior se recomienda trabajar en placas de acr\u00edlico alucobond o cerrar el la se\u00f1al\u00e9tica por los cuatro costados en adhesivo para la evitar la entrada de agua al trovicel.<\/span><\/p>\n","protected":false},"excerpt":{"rendered":"<p><span style=\"font-weight: 400;\">Se\u00f1al\u00e9tica trovicel de 3 \u00f3 5mm, emplacada con adhesivo y termolaminado.<br \/>\n<\/span><\/p>\n","protected":false},"featured_media":2017,"comment_status":"open","ping_status":"closed","template":"","meta":{"neve_meta_sidebar":"","neve_meta_container":"","neve_meta_enable_content_width":"off","neve_meta_content_width":100,"neve_meta_title_alignment":"","neve_meta_author_avatar":"","neve_post_elements_order":"","neve_meta_disable_header":"","neve_meta_disable_footer":"","neve_meta_disable_title":"","_themeisle_gutenberg_block_has_review":false,"_joinchat":[]},"product_brand":[],"product_cat":[65],"product_tag":[102,100,101,99],"class_list":{"0":"post-2054","1":"product","2":"type-product","3":"status-publish","4":"has-post-thumbnail","6":"product_cat-senaleticas","7":"product_tag-alucobond","8":"product_tag-colgante","9":"product_tag-floorgrafics","10":"product_tag-senaletica","12":"first","13":"instock","14":"shipping-taxable","15":"purchasable","16":"product-type-variable"},"_links":{"self":[{"href":"https:\/\/ten.cl\/regalos-imprenta-digital\/wp-json\/wp\/v2\/product\/2054","targetHints":{"allow":["GET"]}}],"collection":[{"href":"https:\/\/ten.cl\/regalos-imprenta-digital\/wp-json\/wp\/v2\/product"}],"about":[{"href":"https:\/\/ten.cl\/regalos-imprenta-digital\/wp-json\/wp\/v2\/types\/product"}],"replies":[{"embeddable":true,"href":"https:\/\/ten.cl\/regalos-imprenta-digital\/wp-json\/wp\/v2\/comments?post=2054"}],"wp:featuredmedia":[{"embeddable":true,"href":"https:\/\/ten.cl\/regalos-imprenta-digital\/wp-json\/wp\/v2\/media\/2017"}],"wp:attachment":[{"href":"https:\/\/ten.cl\/regalos-imprenta-digital\/wp-json\/wp\/v2\/media?parent=2054"}],"wp:term":[{"taxonomy":"product_brand","embeddable":true,"href":"https:\/\/ten.cl\/regalos-imprenta-digital\/wp-json\/wp\/v2\/product_brand?post=2054"},{"taxonomy":"product_cat","embeddable":true,"href":"https:\/\/ten.cl\/regalos-imprenta-digital\/wp-json\/wp\/v2\/product_cat?post=2054"},{"taxonomy":"product_tag","embeddable":true,"href":"https:\/\/ten.cl\/regalos-imprenta-digital\/wp-json\/wp\/v2\/product_tag?post=2054"}],"curies":[{"name":"wp","href":"https:\/\/api.w.org\/{rel}","templated":true}]}}